 (-4)/(-10) - 3/(-5). Let x(a) = n*z(a) + u*i(a). Give x(-5).
-7
Suppose -5*j = -3 - 7. Let i(b) = 4*b + j*b - 4*b - 3*b - 5. Give i(-4).
-1
Suppose 4*q = -5*l - 25, 0*l + 4*l - 16 = 4*q. Let k(h) = -5*h - 3*h**2 + 4*h**2 + 0*h**2 + 4 + h**3 + 3*h**2. What is k(q)?
4
Let k(l) = l - 1. Let b be k(2). Let h(t) be the first derivative of -t**2 + 5*t**2 - 3 - 3*t - t + 5*t. Give h(b).
9
Let t(d) = 0*d**3 - 3*d**3 + 1 + 2*d + 2*d**2 - 2 - 4*d**2. Determine t(1).
-4
Let l(q) be the third derivative of -q**6/120 - q**5/15 + q**4/24 + q**3/2 + q**2. Let x be (2/6)/((-3)/9). Let c be -2 - (2 - (1 + x)). Calculate l(c).
-1
Let x(s) = s**2 + 2*s + 3. Let o(y) = 2*y**2 + 5*y + 3. Let k be o(-3). Let m be 1/(0 - 3/k). Calculate x(m).
3
Let u(d) = 5 + 7 - d - 3. Calculate u(8).
1
Let s(b) = -3*b**2 + 4*b - 2. Let w(r) = 2*r**2 - 3*r + 2. Let z(i) = -4*s(i) - 5*w(i). Let m(f) be the first derivative of z(f). Determine m(1).
3
Let t(z) = 1. Let b(y) = -2*y**2 - y + 3*y**2 - y + 5 - 3*y. Let p(i) = -b(i) + 4*t(i). Calculate p(4).
3
Let i be 12/(-8) + 4/8. Let x(q) = -10*q**2 - 1. Calculate x(i).
-11
Let f(q) = -3*q**2 + 6*q**3 - 4*q**3 + 5*q - q**3 - 2*q**3 + 3. Give f(-4).
-1
Let s(w) = -2*w - 5. Let v(n) = -10*n - 26. Let h(y) = 11*s(y) - 2*v(y). Let j = -1 + 4. Calculate h(j).
-9
Let w = 0 - -2. Let o(v) = 6*v**w + v + 1 - 6 - 4*v - v**3. Suppose 2*z + 4*m - 26 = 0, -4*z + 6 = -3*m - 2. What is o(z)?
5
Let m(q) = -14*q**3 - 14*q**2 - 9*q - 11. Let x(r) = -5*r**3 - 5*r**2 - 3*r - 4. Let h(b) = -6*m(b) + 17*x(b). Calculate h(-3).
7
Let k = 6 + -1. Let h be -1 + k + (1 - 0). Let j(u) = 3 - 6*u**2 + h*u**3 - 9 - 6*u**3 - 6*u. Give j(-5).
-1
Let t(p) = p**3. Let w be t(-1). Let s = w - -3. Let h(v) = v**2 + 2*v - 7*v + 2 + 4*v. Calculate h(s).
4
Let v(j) = -j**3 + 7*j**2 - 7*j + 11. Let x be v(6). Let l(c) = -c - 3. What is l(x)?
-8
Let r(a) = 3 - 71*a + 81*a - a**2 + 10 + 2*a**2. Calculate r(-9).
4
Let d = 5 - 4. Let i(z) = -3*z**3 + z**2. What is i(d)?
-2
Let k(n) be the third derivative of n**6/120 - n**5/12 + n**4/24 + 10*n**2. Determine k(4).
-12
Let h = 11 + -7. Let w(c) = -6*c + 12. Let r(y) = -5*y + 12. Let d(b) = h*w(b) - 5*r(b). Give d(6).
-6
Let z(v) = -7*v**3 - 6*v**2 - v + 1. Let w(h) = -3*h**3 - 3*h**2 + 1. Let a(u) = -5*w(u) + 2*z(u). Determine a(-4).
-11
Let y(r) = -4*r**2 + 4. Let h(z) = -11*z**2 + 12. Let m(p) = -3*h(p) + 8*y(p). Calculate m(3).
5
Let f(y) = -y**2 - 4*y - 1 + y + 3*y. Let d(v) = -4*v**3 + 6*v**2 + 7. Let m(g) = d(g) + 6*f(g). What is m(-1)?
5
Let j(i) be the first derivative of 2*i**3/3 - i**2 - 2*i - 20. Calculate j(2).
2
Suppose 3 = -7*f + 3*f + x, -5*f - 4*x = -12. Let b = 3 + f. Let n(y) = 2*y + b*y**2 - 2*y**2 - 7 + 5*y - 5*y. Give n(-5).
8
Let y(t) = 6*t**3 - t**2 - t + 3. Let s(g) = 11*g**3 - 2*g**2 - 2*g + 5. Let o(a) = -3*s(a) + 5*y(a). Suppose -4*z + 6*z = -2. What is o(z)?
3
Let u be (-1)/3 + 17/(-3). Let b = u + 2. Let n(a) = -1 + 4 - 4 - a - 2. Calculate n(b).
1
Let c(g) be the third derivative of -g**4/24 - g**3/2 - g**2. Let v(y) = y**2 + 14*y + 16. Let r be v(-13). Give c(r).
-6
Let y = 3 + 2. Let p(g) = -g + 0*g + 0*g + 0*g + 1. Determine p(y).
-4
Let c(j) be the third derivative of -j**4/12 + 2*j**3/3 - 3*j**2. Calculate c(5).
-6
Let c(z) be the third derivative of 1/60*z**5 + 0 - 2*z**2 - 1/24*z**4 + 1/2*z**3 + 0*z + 1/120*z**6. Suppose -5*w + 3*w + 4*w = 0. Give c(w).
3
Let l = -1 - -3. Let x be (-2)/l - -2 - -1. Let y(a) = -4 + 2*a**x - 1 - a**3 - 5*a**2 + 4*a. What is y(-4)?
-5
Let a(b) = -3*b**2 - 3*b. Let v be a(-2). Let o(n) be the third derivative of n**6/120 + n**5/10 - n**4/24 - 7*n**3/6 + 31*n**2. What is o(v)?
-1
Let s(h) = h**2 - 2*h. Let k = 10 - 7. Suppose 0 = w + k*w + 24. Let d be w/(-2) + 3 - 3. Calculate s(d).
3
Let o(m) = m + 2. Let v be (5/3)/(-5)*-12. Suppose 2*r + 6 = v*c, -r + 0*c + 13 = 2*c. Suppose -3*k + 2*z - 24 = -z, r*z = k + 24. Determine o(k).
-2
Let q(y) = -13*y**3 - 12 + 8*y**3 + 13 + 2*y + 2*y**2 - 8*y**3. What is q(-1)?
14
Let u(h) be the second derivative of h**5/10 + h**4/12 - 2*h**3/3 - 3*h**2/2 + h - 1. What is u(-2)?
-7
Let i(n) = -2*n + 6. Let m be i(5). Let h(f) = -f**3 - 6*f**2 - 4*f - 5. Determine h(m).
-21
Let c(i) be the first derivative of i**2/2 + 1. Let b(f) = f**2 - 14*f + 2. Let q be b(14). Suppose 3*j - 5*t + 7 = 0, -3 = j - 3*t - q. Give c(j).
-4
Suppose 7*l - 2*l + c = 39, 11 = l + c. Let j(b) = -1 + b**3 + 5 - 9*b**2 - 5*b + l*b**2. What is j(3)?
-2
Suppose -23 + 32 = -3*t. Let h(r) = -r**3 - 4*r**2 + 2*r + 2. Give h(t).
-13
Let h(z) = 4*z**3 - 2*z**2 + 1. Suppose 7 = 3*d - 2. Let b(f) = -5*f - 2 + 4*f - 3*f**2 - f**3 + f**d - f**3. Let k be b(-3). Give h(k).
3
Let h(i) = -i - 3 + 2*i + 8. Let d = 19 - 19. Determine h(d).
5
Let m = 9 - -4. Let c = -18 + m. Let b(j) = 2*j + 6. What is b(c)?
-4
Let c(h) = -2*h - 1 - 5 + 1. Let z(r) = -6*r - 14. Let d(y) = 14*c(y) - 5*z(y). Determine d(2).
4
Suppose 0 = 3*c - 1 - 11. Let y(t) = t**3 - 4*t**2 + t - 4. Calculate y(c).
0
Let t(d) = -d**2 + 5*d. Let c(g) = -g**2 + 5*g + 2. Let m be c(5). Let r be (0 + 8)/m - 0. What is t(r)?
4
Suppose 2*x = 5 - 1. Let t(p) = 0 - 2 - p**2 + x*p**2 - 5*p. Let l = 20 + -17. Calculate t(l).
-8
Let o(k) = k - 4. Let r be (-33)/(-7) + 4/14. Let d be o(r). Let n(m) = 5*m - 1. Give n(d).
4
Suppose -3*s = -4*r + 25, 2*r + 4*s + 4 = -0*r. Let k(d) = -d**3 + 3*d**2 + 2*d - 1. What is k(r)?
-9
Let t(f) be the first derivative of f**2/2 + 2*f - 11. Determine t(-4).
-2
Let u(h) = 6*h - 11. Suppose 0*f + 5*f = 3*z - 41, -4*z = -3*f - 40. Let c(o) = 4 - 5 - 7 + z*o - 4. Let a(b) = -5*c(b) + 6*u(b). Give a(0).
-6
Let a(q) = q. Let f(m) = -m**2 - 6*m + 7. Let p(h) = -3*a(h) - f(h). Suppose -4*t - 5*u + 43 = 0, 0*t - 4*t - u = -31. Suppose -2*b - 3 - t = 0. Give p(b).
3
Let o(r) = r**2 - r + 5. Let y(u) = -2*u**2 - 2*u + 5. Let p(f) = -5*f**2 - 4*f + 10. Let z(g) = -3*p(g) + 7*y(g). Let i(c) = -4*o(c) + 5*z(c). Give i(6).
5
Let z(h) be the third derivative of 0 - 1/12*h**5 + 0*h**4 + 0*h**3 - 2*h**2 - 1/120*h**6 + 0*h. Let s be (-33)/7 + 4/(-14). Calculate z(s).
0
Let l(i) be the second derivative of i**6/360 - i**5/120 + i**4/4 - i**3 - 2*i. Let n(w) be the second derivative of l(w). Determine n(0).
6
Let v(g) be the third derivative of -g**6/120 - g**5/20 + g**4/24 + g**2. Let u = -8 - -5. What is v(u)?
-3
Let k(w) = -w - 4. Suppose -5*h - 15 + 3 = 4*b, -2*b - 5*h = 6. What is k(b)?
-1
Suppose -4*y = -3*y, -28 = 4*h - y. Let d(t) = -3*t - 8. Give d(h).
13
Let d(z) be the second derivative of -2*z**5/5 + z**4/6 - z**3/6 + z. Let y = -3 + 3. Suppose y = -p - 4 + 5. What is d(p)?
-7
Let k(u) = u**3 + 3*u**2 - 1. Let j be k(-2). Let f = 13 - 8. Suppose 7*i = j*i + 3*m + 7, -f*i = 5*m. Let d(h) = 6*h**2 - 1. What is d(i)?
5
Let d(g) be the third derivative of g**4/24 - 2*g**3/3 - 11*g**2. Determine d(9).
5
Let j(v) = 5*v**2 - 21*v + 3. Let l(c) = -3*c**2 + 11*c - 2. Let y(f) = 4*j(f) + 7*l(f). Suppose 79 - 69 = -2*x. What is y(x)?
8
Let a(v) = -6*v + 2*v - 3*v. Suppose -18 = 5*g - 3. Let h be (-2)/3 + (-5)/g. Determine a(h).
-7
Let u(s) = s + 4 - s**3 + 0*s + 4*s + 5*s**2. Suppose -3*z + 2*q - 2 + 24 = 0, 3*z - q - 20 = 0. Determine u(z).
-2
Let g(u) be the second derivative of 0*u**2 - 1/6*u**3 + 0 + 2*u. Let y be g(1). Let h(k) = 6*k**2 + 2*k + 1. Determine h(y).
5
Let w be 3 + 0 + 378/(-14). Let s = w - -25. Let l(i) = -2*i**2 + i - 1. Determine l(s).
-2
Suppose -2*s - 20 = -5*s - 4*d, 0 = s - 4*d + 4. Let r(n) = 0 + 3*n - s*n + 2*n - 5. Let k be 0 + -1 - (0 + -1). Calculate r(k).
-5
Let u(j) = 3*j + 2. Let b(s) = s. Suppose 2 = 20*p - 22*p. Let f(v) = p*u(v) + 4*b(v). Calculate f(-5).
-7
Let x(y) = y**3 + 7*y**2 + 5*y + 7. Let s = -26 - -20. Determine x(s).
13
Let q(d) = -8*d - 2. Let u(a) = 1 + 1 - a - 3. Suppose -2 - 3 = 5*p. Let k(t) = p*q(t) + 6*u(t). Give k(5).
6
Let m be (10 - 15)*(-2 - -1). Let o(q) = q**2 - 8*q + 7. Calculate o(m).
-8
Let a(k) be the third derivative of k**6/120 - k**5/10 + 5*k**4/24 + k**3 + 3*k**2. Determine a(5).
6
Let k(p) be the second derivative of -2*p**3/3 + p**2/2 - 27*p. Let v be (-2)/(-3) - (-8)/6. What is k(v)?
-7
Suppose -2*f + 23 - 25 = 0. Let y(n) = 16*n. Calculate y(f).
-16
Suppose 2*k - 18 = -2*j - 0*k, -4*k + 42 = 5*j. Let l be 1/(-3) + 14/j. Let y(